{"id":173,"date":"2023-11-05T00:52:02","date_gmt":"2023-11-04T23:52:02","guid":{"rendered":"https:\/\/besseraltern.de\/?page_id=173"},"modified":"2025-06-03T17:10:05","modified_gmt":"2025-06-03T15:10:05","slug":"weitere-informationen","status":"publish","type":"page","link":"https:\/\/besseraltern.de\/index.php\/weitere-informationen\/","title":{"rendered":"weitere Informationen"},"content":{"rendered":"\n<h2 class=\"wp-block-heading\">zu den Themen Altern, Demenz und Geriatrie<\/h2>\n\n\n\n<p>Im Folgenden m\u00f6chte ich Ihnen Informationsmaterial anderer Organisationen zur Verf\u00fcgung stellen.<\/p>\n\n\n\n<p><em>Ich \u00fcberpr\u00fcfe die Links regelm\u00e4\u00dfig, bin jedoch nicht f\u00fcr deren Inhalt verantwortlich. <\/em><\/p>\n\n\n\n<p>Ein wunderbarer <strong>Poetry Slam<\/strong> der die Realit\u00e4t mancher Menschen mit Demenz darstellt:<\/p>\n\n\n\n<figure class=\"wp-block-embed is-type-video is-provider-youtube wp-block-embed-youtube wp-embed-aspect-16-9 wp-has-aspect-ratio\"><div class=\"wp-block-embed__wrapper\">\n<iframe loading=\"lazy\" hcb-fetch-image-from=\"https:\/\/www.youtube.com\/watch?v=mCYbzwNVD0E\" title=\"digiDEM Bayern pr\u00e4sentiert Poetry Slam \u201eVergessensl\u00fccken\u201c von und mit Leah Weigand\" width=\"750\" height=\"422\" src=\"https:\/\/www.youtube.com\/embed\/mCYbzwNVD0E?feature=oembed\" frameborder=\"0\" allow=\"accelerometer; autoplay; clipboard-write; encrypted-media; gyroscope; picture-in-picture; web-share\" referrerpolicy=\"strict-origin-when-cross-origin\" allowfullscreen><\/iframe>\n<\/div><figcaption class=\"wp-element-caption\">&#8220;digiDEM Bayern pr\u00e4sentiert Poetry Slam \u201eVergessensl\u00fccken\u201c von und mit Leah Weigand&#8221; Quelle: digiDEM Bayern. Youtube.<\/figcaption><\/figure>\n\n\n\n<p><a href=\"https:\/\/www.youtube.com\/@digidembayern6587\/videos\"><strong>Digidem-Videos<\/strong><\/a> zum Thema Demenz: wissenschaftlich, aber gut verst\u00e4ndlich<\/p>\n\n\n\n<p><\/p>\n\n\n\n<p><a href=\"https:\/\/www.zqp.de\/bestellen\/\" data-type=\"link\" data-id=\"https:\/\/www.zqp.de\/bestellen\/\"><strong>ZQP-Ratgeber<\/strong> f\u00fcr pflegende Angeh\u00f6rige. Auch f\u00fcr Fachkr\u00e4fte eine interessante Literatur.<\/a><\/p>\n\n\n\n<p><a href=\"https:\/\/www.deutsche-alzheimer.de\/publikationen\">Publikationen der deutschen <strong>Alzheimer Gesellschaft e.V.<\/strong><\/a><\/p>\n\n\n\n<p><a href=\"https:\/\/www.pflegelotse.de\/presentation\/pl_startseite.aspx\"><strong>VDEK Pflegelotse<\/strong> mit einer Auflistung verschiedener Versorsungsangebote (u.a. Pflegeheim, Betreutes Wohnen, Beratung, Hauswirtschaft)<\/a><\/p>\n\n\n\n<p><a href=\"https:\/\/www.regensburg.de\/fm\/121\/broschuere-wegweiser-pflege-wohnen-6.pdf\"><strong>Wegweiser Pflege und Wohnen<\/strong> der Stadt Regensburg<\/a><\/p>\n\n\n\n<p><a href=\"https:\/\/www.regensburg.de\/fm\/121\/treffpunkt-seniorenbuero-3-auflage.pdf\"><strong>Treffpunkt Seniorenb\u00fcro<\/strong> der Stadt Regensburg<\/a><\/p>\n\n\n\n<p><a href=\"https:\/\/www.regensburg.de\/fm\/RBG_INTER1S_VM.a.253.de\/r_upload\/ReNeNa-Broschuere-6-Aufl.pdf\"><strong>ReNeNa &#8211; Regensburgs nette Nachbarn <\/strong><\/a><\/p>\n\n\n\n<p><\/p>\n\n\n\n<p>Das <strong>berufliche Netzwerk zu anderen Therapeuten<\/strong> ist mir ein besonderers Anliegen.<\/p>\n\n\n\n<figure class=\"wp-block-image size-large is-resized\"><img decoding=\"async\" loading=\"lazy\" width=\"1024\" height=\"1024\" src=\"https:\/\/besseraltern.de\/wp-content\/uploads\/2024\/05\/Original1-1024x1024.png\" alt=\"\" class=\"wp-image-539\" style=\"aspect-ratio:1;width:288px;height:auto\" srcset=\"https:\/\/besseraltern.de\/wp-content\/uploads\/2024\/05\/Original1-1024x1024.png 1024w, https:\/\/besseraltern.de\/wp-content\/uploads\/2024\/05\/Original1-300x300.png 300w, https:\/\/besseraltern.de\/wp-content\/uploads\/2024\/05\/Original1-150x150.png 150w, https:\/\/besseraltern.de\/wp-content\/uploads\/2024\/05\/Original1-768x768.png 768w, https:\/\/besseraltern.de\/wp-content\/uploads\/2024\/05\/Original1-1536x1536.png 1536w, https:\/\/besseraltern.de\/wp-content\/uploads\/2024\/05\/Original1-2048x2048.png 2048w, https:\/\/besseraltern.de\/wp-content\/uploads\/2024\/05\/Original1-1568x1568.png 1568w\" sizes=\"(max-width: 1024px) 100vw, 1024px\" \/><\/figure>\n\n\n\n<p>Der Kollege Herr Mersch von den<strong> <a href=\"https:\/\/www.gesundheitslotsen-therapie.de\/\">Gesundheitslotsen<\/a><\/strong>, aus dem Rhein-Neckar-Kreis, leitet eine Praxis mit tollem Konzept.<\/p>\n\n\n\n<p><\/p>\n\n\n\n<figure class=\"wp-block-image size-full\"><img decoding=\"async\" loading=\"lazy\" width=\"575\" height=\"155\" src=\"https:\/\/besseraltern.de\/wp-content\/uploads\/2025\/06\/image.png\" alt=\"\" class=\"wp-image-605\" srcset=\"https:\/\/besseraltern.de\/wp-content\/uploads\/2025\/06\/image.png 575w, https:\/\/besseraltern.de\/wp-content\/uploads\/2025\/06\/image-300x81.png 300w\" sizes=\"(max-width: 575px) 100vw, 575px\" \/><\/figure>\n\n\n\n<p>Das wunderbare Team der Er<a href=\"https:\/\/www.ergotherapie-ackermann.de\" data-type=\"link\" data-id=\"https:\/\/www.ergotherapie-ackermann.de\">gotherapiepraxis Ackermann<\/a> bietet fachlich-fundierte Einzel-&amp; Gruppentherapien an.  <\/p>\n\n\n\n<p><\/p>\n\n\n\n<p>Diese Seite ist derzeit noch <strong>in Bearbeitung<\/strong>. Es werden mehr Informationen folgen.<\/p>\n","protected":false},"excerpt":{"rendered":"<p>zu den Themen Altern, Demenz und Geriatrie Im Folgenden m\u00f6chte ich Ihnen Informationsmaterial anderer Organisationen zur Verf\u00fcgung stellen. Ich \u00fcberpr\u00fcfe die Links regelm\u00e4\u00dfig, bin jedoch nicht f\u00fcr deren Inhalt verantwortlich. Ein wunderbarer Poetry Slam der die Realit\u00e4t mancher Menschen mit Demenz darstellt: Digidem-Videos zum Thema Demenz: wissenschaftlich, aber gut verst\u00e4ndlich ZQP-Ratgeber f\u00fcr pflegende Angeh\u00f6rige. Auch&hellip; <a class=\"more-link\" href=\"https:\/\/besseraltern.de\/index.php\/weitere-informationen\/\">Continue reading <span class=\"screen-reader-text\">weitere Informationen<\/span><\/a><\/p>\n","protected":false},"author":1,"featured_media":0,"parent":0,"menu_order":0,"comment_status":"closed","ping_status":"closed","template":"","meta":{"footnotes":""},"_links":{"self":[{"href":"https:\/\/besseraltern.de\/index.php\/wp-json\/wp\/v2\/pages\/173"}],"collection":[{"href":"https:\/\/besseraltern.de\/index.php\/wp-json\/wp\/v2\/pages"}],"about":[{"href":"https:\/\/besseraltern.de\/index.php\/wp-json\/wp\/v2\/types\/page"}],"author":[{"embeddable":true,"href":"https:\/\/besseraltern.de\/index.php\/wp-json\/wp\/v2\/users\/1"}],"replies":[{"embeddable":true,"href":"https:\/\/besseraltern.de\/index.php\/wp-json\/wp\/v2\/comments?post=173"}],"version-history":[{"count":15,"href":"https:\/\/besseraltern.de\/index.php\/wp-json\/wp\/v2\/pages\/173\/revisions"}],"predecessor-version":[{"id":607,"href":"https:\/\/besseraltern.de\/index.php\/wp-json\/wp\/v2\/pages\/173\/revisions\/607"}],"wp:attachment":[{"href":"https:\/\/besseraltern.de\/index.php\/wp-json\/wp\/v2\/media?parent=173"}],"curies":[{"name":"wp","href":"https:\/\/api.w.org\/{rel}","templated":true}]}}