{"id":247,"date":"2024-03-12T13:08:27","date_gmt":"2024-03-12T12:08:27","guid":{"rendered":"https:\/\/besseraltern.de\/?page_id=247"},"modified":"2025-10-24T16:36:34","modified_gmt":"2025-10-24T14:36:34","slug":"zugang-kontakt","status":"publish","type":"page","link":"https:\/\/besseraltern.de\/index.php\/zugang-kontakt\/","title":{"rendered":"Zugang\/ Kosten"},"content":{"rendered":"\n<p>F\u00fcr eine ergotherapeutische Behandlung ben\u00f6tigen Sie eine <strong>Heilmittelverordnung<\/strong>. Diese k\u00f6nnen von niedergelassenen zugelassenen <strong>\u00c4rzt:innen oder Psychologischen Psychotherapeut:innen<\/strong> ausgestellt werden.&nbsp;Bei Bedarf kann auch ein <strong>Hausbesuch<\/strong> verschrieben werden. Seit 01.04.2024 kann bei bestimmten Diagnosen auch eine <a href=\"https:\/\/www.kbv.de\/media\/sp\/PraxisInfo_Ergotherapie_Blankoverordnung.pdf\"><strong>Blankoverordnung<\/strong><\/a> ausgestellt werden. Fragen Sie dazu gerne mich oder den Verordnenden. <\/p>\n\n\n\n<p>Wenn Sie eine Verordnung erhalten haben, k\u00f6nnen Sie mit mir einen <strong>Termin f\u00fcr ein Erstgespr\u00e4ch vereinbaren<\/strong>.<\/p>\n\n\n\n<p><strong>Wichtig zu beachten:<\/strong><\/p>\n\n\n\n<p>Ich arbeite nach Terminplan und halte mir f\u00fcr jeden Klienten Therapiezeit frei. In dieser Zeit k\u00f6nnen keine anderen Klienten terminiert werden. Bei kurzfristigen Absagen entsteht mir ein finanzieller Ausfall, den ich nicht tragen kann. Daher m\u00fcssen <strong><mark style=\"background-color:#a7c2b8\" class=\"has-inline-color\">vereinbarte Termine mindestens 24h vor dem Termin abgesagt <\/mark><\/strong>werden. Wenn Termine mit k\u00fcrzerem Vorlauf oder gar nicht abgesagt werden, entstehen Ihnen Kosten. Ich k\u00f6nnte den vollen Satz der Verg\u00fctung der Krankenkasse berechnen. Im Folgenden finden Sie die <strong><mark style=\"background-color:#b3d0c5\" class=\"has-inline-color\">Ausfallgeb\u00fchren<\/mark><\/strong> meiner Praxis:<\/p>\n\n\n\n<p>F\u00fcr 30 Minuten Behandlungszeit (motorisch-funktionell, Hirnleistungstraining): 30\u20ac<\/p>\n\n\n\n<p>F\u00fcr 45 Minuten Behandlungszeit (sensomotorisch-perzeptiv): 45\u20ac<\/p>\n\n\n\n<p>F\u00fcr 60 Minuten Behandlungszeit (psychisch-funktionell): 60\u20ac<\/p>\n\n\n\n<p>Bei Blankoverordnungen wird die zuvor vereinbarte Therapiedauer f\u00fcr die Berechnung genutzt. <\/p>\n\n\n\n<p>Eine Verordnung umfasst in der Regel 10 Behandlungseinheiten. Pro Verordnung m\u00fcssen Sie eine Zuzahlung <a href=\"https:\/\/www.bundesgesundheitsministerium.de\/fileadmin\/Dateien\/3_Downloads\/A\/Arzneimittelversorgung\/Zuzahlungsregelungen_GKV.pdf\" data-type=\"link\" data-id=\"https:\/\/www.bundesgesundheitsministerium.de\/fileadmin\/Dateien\/3_Downloads\/A\/Arzneimittelversorgung\/Zuzahlungsregelungen_GKV.pdf\"><strong>Zuzahlung<\/strong><\/a><strong> von 10%<\/strong> + <strong>10\u20ac Rezeptgeb\u00fchr<\/strong> selbst tragen.  Ihre Krankenkasse ber\u00e4t Sie zu einer Zuzahlungsbefreiung. <strong>Meine Empfehlung: <\/strong>Sammeln Sie Ihre Zuzahlungsbelege oder die Ihres Angeh\u00f6rigen. Viele Krankenkassen haben einen &#8220;Zuzahlungsrechner&#8221; auf ihrer Website. <\/p>\n\n\n\n<figure class=\"wp-block-image size-full\"><img decoding=\"async\" loading=\"lazy\" width=\"591\" height=\"793\" src=\"https:\/\/besseraltern.de\/wp-content\/uploads\/2024\/07\/Zuzahlung-Info.png\" alt=\"\" class=\"wp-image-544\" srcset=\"https:\/\/besseraltern.de\/wp-content\/uploads\/2024\/07\/Zuzahlung-Info.png 591w, https:\/\/besseraltern.de\/wp-content\/uploads\/2024\/07\/Zuzahlung-Info-224x300.png 224w\" sizes=\"(max-width: 591px) 100vw, 591px\" \/><\/figure>\n\n\n\n<p><strong>Videotherapie<\/strong> wird angeboten \u00fcber das datenschutzrechtlich gesch\u00fctzte RED Connect-Programm.  <\/p>\n\n\n\n<p>Bei chronischen Erkrankungen kann ein <a href=\"https:\/\/www.kbv.de\/media\/sp\/Heilmittel_Diagnoseliste_Webversion.pdf\"><strong>langfristiger Heilmittelbedarf\/ Besonderer Versorgunsbedarf<\/strong><\/a> entstehen. Eine alltagsnahe Therapie kann hierbei sinnvoll sein. <\/p>\n\n\n\n<p><a href=\"https:\/\/www.g-ba.de\/downloads\/17-98-3382\/2021-04-01_G-BA_Patienteninformation_langfristiger-Heilmittelbedarf_bf.pdf\"><strong>Patienteninformation langfristiger Heilmittelbedarf<\/strong><\/a><\/p>\n\n\n\n<p>Inwieweit ihre <strong>private Krankenkasse<\/strong> die Kosten f\u00fcr die Therapie \u00fcbernimmt, h\u00e4ngt von ihrem pers\u00f6nlichen Kassenvertrag ab. Ich bitte Sie, die \u00dcbernahme der Kosten im Voraus mit ihrer Krankenkasse abzukl\u00e4ren. Gerne lasse ich ihnen einen Kostenvoranschlag zukommen. Der Preis f\u00fcr privatversicherte PatientInnen berechnet sich aus dem gerundeten <strong>1,3 fachen Satz des Satzes der gesetzlichen Krankenkassen<\/strong>. Die Preise richten sich demnach nach der Art der Verordnung, es gibt Behandlungen \u00fcber 30 min. (motorisch-funktionelle Behandlung oder Hirnleistungstraining), 45 min. (sensomotorisch-perzeptive Behandlung) oder 60 min. (psychisch-funktionelle Behandlung).  <a rel=\"noreferrer noopener\" href=\"https:\/\/www.gkv-spitzenverband.de\/media\/dokumente\/krankenversicherung_1\/ambulante_leistungen\/heilmittel\/vertraege_125abs1\/ergotherapie\/20240531_Ergo_Anlage_2_Vertrag_nach_125_SGB_V_Verguetungsvereinbarung_BF.pdf\" target=\"_blank\">GKV P<\/a><a rel=\"noreferrer noopener\" href=\"https:\/\/www.gkv-spitzenverband.de\/media\/dokumente\/krankenversicherung_1\/ambulante_leistungen\/heilmittel\/vertraege_125abs1\/ergotherapie\/20250725_Anlage_2_Vertrag_125_Ergotherapie_gueltig_ab_01.08.2025_bf.pdf\" target=\"_blank\">re<\/a><a rel=\"noreferrer noopener\" href=\"https:\/\/www.gkv-spitzenverband.de\/media\/dokumente\/krankenversicherung_1\/ambulante_leistungen\/heilmittel\/vertraege_125abs1\/ergotherapie\/20240531_Ergo_Anlage_2_Vertrag_nach_125_SGB_V_Verguetungsvereinbarung_BF.pdf\" target=\"_blank\">ise Ergotherapie<\/a><\/p>\n\n\n\n<p>Psychisch-funktionelle Behandlung (60 Minuten) 128\u20ac<\/p>\n\n\n\n<p>Hirnleistungstraining (30 Minuten) 77\u20ac<\/p>\n\n\n\n<p>Sensomotorisch-perzeptive Behandlung (45 Minuten) 102\u20ac<\/p>\n\n\n\n<p>Motorisch-funktionelle Behandlung (30 Minuten) 77\u20ac<\/p>\n\n\n\n<p>Funktionsanalyse (einmalig bei Erstverordnung) 56\u20ac<\/p>\n\n\n\n<p><\/p>\n\n\n\n<p>bei Bedarf<\/p>\n\n\n\n<p>Anfahrtspauschale 35\u20ac<\/p>\n\n\n\n<p>Gespr\u00e4ch Angeh\u00f6rige\/ Fachkr\u00e4fte au\u00dferhalb der Therapiezeit 30\u20ac<\/p>\n\n\n\n<p>Bericht (2 Seiten) 30\u20ac<\/p>\n\n\n\n<figure class=\"wp-block-image size-large is-resized\"><img decoding=\"async\" loading=\"lazy\" width=\"768\" height=\"1024\" src=\"https:\/\/besseraltern.de\/wp-content\/uploads\/2024\/04\/IMG_8975-768x1024.jpg\" alt=\"\" class=\"wp-image-516\" style=\"aspect-ratio:0.75;width:362px;height:auto\" srcset=\"https:\/\/besseraltern.de\/wp-content\/uploads\/2024\/04\/IMG_8975-768x1024.jpg 768w, https:\/\/besseraltern.de\/wp-content\/uploads\/2024\/04\/IMG_8975-225x300.jpg 225w, https:\/\/besseraltern.de\/wp-content\/uploads\/2024\/04\/IMG_8975-1152x1536.jpg 1152w, https:\/\/besseraltern.de\/wp-content\/uploads\/2024\/04\/IMG_8975-1536x2048.jpg 1536w, https:\/\/besseraltern.de\/wp-content\/uploads\/2024\/04\/IMG_8975-1568x2091.jpg 1568w, https:\/\/besseraltern.de\/wp-content\/uploads\/2024\/04\/IMG_8975-scaled.jpg 1920w\" sizes=\"(max-width: 768px) 100vw, 768px\" \/><\/figure>\n\n\n\n<figure class=\"wp-block-image size-large is-resized\"><img decoding=\"async\" loading=\"lazy\" width=\"311\" height=\"1024\" src=\"https:\/\/besseraltern.de\/wp-content\/uploads\/2024\/03\/Flyerstaender-311x1024.jpeg\" alt=\"\" class=\"wp-image-437\" style=\"aspect-ratio:0.3037109375;width:158px;height:auto\" srcset=\"https:\/\/besseraltern.de\/wp-content\/uploads\/2024\/03\/Flyerstaender-311x1024.jpeg 311w, https:\/\/besseraltern.de\/wp-content\/uploads\/2024\/03\/Flyerstaender-91x300.jpeg 91w, https:\/\/besseraltern.de\/wp-content\/uploads\/2024\/03\/Flyerstaender-768x2530.jpeg 768w, https:\/\/besseraltern.de\/wp-content\/uploads\/2024\/03\/Flyerstaender-466x1536.jpeg 466w, https:\/\/besseraltern.de\/wp-content\/uploads\/2024\/03\/Flyerstaender-622x2048.jpeg 622w, https:\/\/besseraltern.de\/wp-content\/uploads\/2024\/03\/Flyerstaender-scaled.jpeg 777w\" sizes=\"(max-width: 311px) 100vw, 311px\" \/><\/figure>\n\n\n\n<div class=\"wp-block-file\"><object class=\"wp-block-file__embed\" data=\"https:\/\/besseraltern.de\/wp-content\/uploads\/2024\/03\/Flyer-besser-altern.pdf\" type=\"application\/pdf\" style=\"width:100%;height:600px\" aria-label=\"Embed of Flyer-besser-altern.\"><\/object><a id=\"wp-block-file--media-61f6fa6b-c7b1-402a-a755-e5401dfd0414\" href=\"https:\/\/besseraltern.de\/wp-content\/uploads\/2024\/03\/Flyer-besser-altern.pdf\">Flyer-besser-altern<\/a><a href=\"https:\/\/besseraltern.de\/wp-content\/uploads\/2024\/03\/Flyer-besser-altern.pdf\" class=\"wp-block-file__button wp-element-button\" download aria-describedby=\"wp-block-file--media-61f6fa6b-c7b1-402a-a755-e5401dfd0414\">Herunterladen<\/a><\/div>\n\n\n\n<div class=\"wp-block-file\"><object class=\"wp-block-file__embed\" data=\"https:\/\/besseraltern.de\/wp-content\/uploads\/2024\/04\/Behandlungsvertrag-GKV-1.pdf\" type=\"application\/pdf\" style=\"width:100%;height:600px\" aria-label=\"Embed of Behandlungsvertrag-GKV-1.\"><\/object><a id=\"wp-block-file--media-0e83f78d-6483-4f14-b9d0-7af298121f92\" href=\"https:\/\/besseraltern.de\/wp-content\/uploads\/2024\/04\/Behandlungsvertrag-GKV-1.pdf\">Behandlungsvertrag-GKV-1<\/a><a href=\"https:\/\/besseraltern.de\/wp-content\/uploads\/2024\/04\/Behandlungsvertrag-GKV-1.pdf\" class=\"wp-block-file__button wp-element-button\" download aria-describedby=\"wp-block-file--media-0e83f78d-6483-4f14-b9d0-7af298121f92\">Download<\/a><\/div>\n\n\n\n<div class=\"wp-block-file\"><object class=\"wp-block-file__embed\" data=\"https:\/\/besseraltern.de\/wp-content\/uploads\/2024\/04\/Behandlungsvertrag-PKV.pdf\" type=\"application\/pdf\" style=\"width:100%;height:600px\" aria-label=\"Embed of Behandlungsvertrag-PKV.\"><\/object><a id=\"wp-block-file--media-91eeb9b9-01ab-4794-9238-3255c45e9b29\" href=\"https:\/\/besseraltern.de\/wp-content\/uploads\/2024\/04\/Behandlungsvertrag-PKV.pdf\">Behandlungsvertrag-PKV<\/a><a href=\"https:\/\/besseraltern.de\/wp-content\/uploads\/2024\/04\/Behandlungsvertrag-PKV.pdf\" class=\"wp-block-file__button wp-element-button\" download aria-describedby=\"wp-block-file--media-91eeb9b9-01ab-4794-9238-3255c45e9b29\">Download<\/a><\/div>\n\n\n\n<div class=\"wp-block-file\"><object class=\"wp-block-file__embed\" data=\"https:\/\/besseraltern.de\/wp-content\/uploads\/2024\/04\/Datenschutz-Schweigepflicht.pdf\" type=\"application\/pdf\" style=\"width:100%;height:600px\" aria-label=\"Embed of Datenschutz-Schweigepflicht.\"><\/object><a id=\"wp-block-file--media-bb280032-adce-4598-9885-c9a9b0c9e3e7\" href=\"https:\/\/besseraltern.de\/wp-content\/uploads\/2024\/04\/Datenschutz-Schweigepflicht.pdf\">Datenschutz-Schweigepflicht<\/a><a href=\"https:\/\/besseraltern.de\/wp-content\/uploads\/2024\/04\/Datenschutz-Schweigepflicht.pdf\" class=\"wp-block-file__button wp-element-button\" download aria-describedby=\"wp-block-file--media-bb280032-adce-4598-9885-c9a9b0c9e3e7\">Download<\/a><\/div>\n","protected":false},"excerpt":{"rendered":"<p>F\u00fcr eine ergotherapeutische Behandlung ben\u00f6tigen Sie eine Heilmittelverordnung. Diese k\u00f6nnen von niedergelassenen zugelassenen \u00c4rzt:innen oder Psychologischen Psychotherapeut:innen ausgestellt werden.&nbsp;Bei Bedarf kann auch ein Hausbesuch verschrieben werden. Seit 01.04.2024 kann bei bestimmten Diagnosen auch eine Blankoverordnung ausgestellt werden. Fragen Sie dazu gerne mich oder den Verordnenden. Wenn Sie eine Verordnung erhalten haben, k\u00f6nnen Sie mit mir&hellip; <a class=\"more-link\" href=\"https:\/\/besseraltern.de\/index.php\/zugang-kontakt\/\">Continue reading <span class=\"screen-reader-text\">Zugang\/ Kosten<\/span><\/a><\/p>\n","protected":false},"author":1,"featured_media":0,"parent":0,"menu_order":0,"comment_status":"closed","ping_status":"closed","template":"","meta":{"footnotes":""},"_links":{"self":[{"href":"https:\/\/besseraltern.de\/index.php\/wp-json\/wp\/v2\/pages\/247"}],"collection":[{"href":"https:\/\/besseraltern.de\/index.php\/wp-json\/wp\/v2\/pages"}],"about":[{"href":"https:\/\/besseraltern.de\/index.php\/wp-json\/wp\/v2\/types\/page"}],"author":[{"embeddable":true,"href":"https:\/\/besseraltern.de\/index.php\/wp-json\/wp\/v2\/users\/1"}],"replies":[{"embeddable":true,"href":"https:\/\/besseraltern.de\/index.php\/wp-json\/wp\/v2\/comments?post=247"}],"version-history":[{"count":25,"href":"https:\/\/besseraltern.de\/index.php\/wp-json\/wp\/v2\/pages\/247\/revisions"}],"predecessor-version":[{"id":629,"href":"https:\/\/besseraltern.de\/index.php\/wp-json\/wp\/v2\/pages\/247\/revisions\/629"}],"wp:attachment":[{"href":"https:\/\/besseraltern.de\/index.php\/wp-json\/wp\/v2\/media?parent=247"}],"curies":[{"name":"wp","href":"https:\/\/api.w.org\/{rel}","templated":true}]}}